Convert 101001000000 (base 2) to base 3.
10121012
Convert 21333020 (base 4) to base 16.
9fc8
Convert 2120321 (base 4) to base 13.
45b9
What is 136 (base 11) in base 12?
114
Convert 18aa (base 12) to base 11.
2297
Convert 100220302 (base 4) to base 16.
10a32
What is -17273 (base 9) in base 10?
-11892
Convert 2aa (base 13) to base 16.
1de
What is 17520 (base 8) in base 16?
1f50
-10101001001010 (base 2) to base 16
-2a4a
What is -899b (base 12) in base 15?
-47ae
Convert 91 (base 15) to base 7.
253
Convert 1000101110 (base 2) to base 9.
680
Convert 4229 (base 11) to base 15.
19d2
Convert -1557 (base 16) to base 14.
-1dc3
What is 656 (base 12) in base 14?
4a6
-15432 (base 6) to base 5
-40130
Convert -2b5 (base 15) to base 4.
-21230
What is 680 (base 10) in base 5?
10210
Convert 1200101201 (base 3) to base 7.
165325
What is 1100110010 (base 2) in base 16?
332
Convert 2c4 (base 14) to base 2.
1000110100
-402 (base 13) to base 9
-833
-bd2 (base 16) to base 8
-5722
Convert -30330 (base 6) to base 16.
-fae
What is -4d (base 15) in base 3?
-2201
-22402 (base 5) to base 14
-826
Convert 103040 (base 5) to base 16.
dc0
13847 (base 9) to base 7
36343
Convert -112012 (base 3) to base 14.
-1d5
What is -972 (base 14) in base 10?
-1864
What is -1454 (base 9) in base 16?
-44e
-222402 (base 5) to base 8
-17254
Convert 419 (base 15) to base 4.
32130
What is -210010222 (base 3) in base 10?
-15416
Convert 1203032 (base 4) to base 7.
24341
Convert 1540 (base 10) to base 8.
3004
Convert -11111011111 (base 2) to base 15.
-8e5
Convert 1ded (base 15) to base 11.
49a0
Convert 838 (base 10) to base 5.
11323
-11110001111 (base 2) to base 3
-2122200
What is 1715 (base 12) in base 14?
1009
Convert -11b3 (base 13) to base 2.
-100111010000
-ba (base 15) to base 5
-1200
17164 (base 8) to base 7
31505
3403 (base 6) to base 11
663
250 (base 13) to base 8
623
-2311 (base 4) to base 15
-c1
What is -4655 (base 15) in base 11?
-10243
Convert 2162 (base 9) to base 10.
1595
What is -30002 (base 5) in base 14?
-981
What is 17a (base 12) in base 2?
11101110
9043 (base 13) to base 12
b584
-6430 (base 8) to base 10
-3352
Convert 3e84 (base 16) to base 9.
23852
Convert -16569 (base 10) to base 3.
-211201200
Convert 3018a (base 12) to base 4.
33033322
1002b (base 16) to base 3
10022221212
401 (base 8) to base 9
315
What is -2021 (base 7) in base 6?
-3125
14458 (base 11) to base 12
ba54
What is -4507 (base 8) in base 7?
-6632
-205b (base 13) to base 6
-32410
Convert -102 (base 16) to base 12.
-196
-22220 (base 4) to base 8
-1250
Convert 5368 (base 11) to base 8.
15664
What is 1202323 (base 4) in base 8?
14273
-340123 (base 6) to base 14
-a5a3
Convert -5307 (base 10) to base 12.
-30a3
What is 11101100011 (base 2) in base 3?
2121001
ba72 (base 12) to base 2
101000000110110
Convert -2b21 (base 14) to base 15.
-2418
Convert 12400 (base 5) to base 8.
1717
-4435 (base 7) to base 2
-11000111010
Convert 15 (base 6) to base 16.
b
What is -3e (base 16) in base 6?
-142
What is 1110132 (base 4) in base 12?
3166
Convert -10b19 (base 16) to base 4.
-100230121
21df (base 16) to base 10
8671
What is -3c31 (base 14) in base 10?
-10627
What is -12b4 (base 16) in base 8?
-11264
Convert -5589 (base 16) to base 8.
-52611
What is 50161 (base 7) in base 2?
10111101000001
Convert -8866 (base 11) to base 10.
-11688
What is 120031 (base 6) in base 12?
6017
-204 (base 9) to base 3
-20011
Convert -38333 (base 12) to base 4.
-102223113
Convert -2110331 (base 4) to base 3.
-111002002
What is 248 (base 12) in base 2?
101011000
a1a3 (base 12) to base 13
7caa
What is 3013 (base 8) in base 2?
11000001011
-1689c (base 13) to base 16
-a8d8
-d41 (base 15) to base 12
-188a
What is 762 (base 11) in base 16?
393
Convert 10010 (base 9) to base 12.
3976
What is 21 (base 7) in base 13?
12
What is -2122 (base 4) in base 13?
-bb
What is -1301332 (base 4) in base 16?
-1c7e
Convert -120254 (base 8) to base 15.
-c2c2
Convert 34021 (base 5) to base 12.
146a
Convert 375 (base 13) to base 15.
2a3
-21d (base 14) to base 7
-1136
What is 2311 (base 5) in base 14?
199
Convert 135625 (base 7) to base 14.
96bc
-31036 (base 7) to base 6
-55021
Convert -291 (base 14) to base 7.
-1341
-2300 (base 6) to base 10
-540
Convert 313153 (base 6) to base 2.
110001011111101
Convert 4b99 (base 12) to base 8.
20645
Convert -4418 (base 12) to base 7.
-30614
What is 10000010000 (base 2) in base 14?
544
3123334 (base 5) to base 3
2121221112
-1046 (base 16) to base 2
-1000001000110
16220 (base 7) to base 13
2108
What is 13222 (base 5) in base 6?
4530
What is -112211 (base 3) in base 10?
-400
63 (base 15) to base 9
113
What is 593 (base 12) in base 6?
3503
4874 (base 9) to base 6
24451
Convert 1010001100000001 (base 2) to base 13.
15cbc
What is -312 (base 4) in base 15?
-39
11011100 (base 2) to base 15
ea
Convert 424003 (base 5) to base 3.
201112220
Convert 10733 (base 12) to base 7.
120336
Convert 110111 (base 3) to base 6.
1321
-100000001001101 (base 2) to base 13
-7653
-11000011001010 (base 2) to base 5
-344430
-2120222110 (base 3) to base 6
-1032103
Convert 20 (base 10) to base 2.
10100
What is -1001222 (base 3) in base 6?
-3342
What is 17484 (base 9) in base 5?
341224
What is 72b3 (base 12) in base 11?
9451
-2402 (base 7) to base 8
-1564
What is 21232 (base 4) in base 12?
43a
10111010100 (base 2) to base 13
8aa
What is -2441 (base 6) in base 9?
-737
Convert -1b37b (base 12) to base 3.
-2001020112
9391 (base 10) to base 6
111251
50a (base 11) to base 4
21213
Convert 472 (base 9) to base 5.
3024
Convert 715 (base 16) to base 13.
a96
-10111101222 (base 3) to base 6
-1250342
What is 10000010110000 (base 2) in base 4?
2002300
Convert -2121211 (base 3) to base 6.
-12504
Convert 46 (base 15) to base 7.
123
What is -84 (base 10) in base 6?
-220
-1103000 (base 4) to base 14
-1d16
Convert 1238 (base 11) to base 7.
4464
344 (base 9) to base 15
13d
Convert 261b (base 12) to base 3.
12221212
1d1 (base 16) to base 9
566
Convert 102132 (base 4) to base 5.
14212
What is -1130 (base 7) in base 5?
-3123
Convert 80100 (base 9) to base 6.
1043213
-baa (base 13) to base 14
-a2b
Convert 113120 (base 4) to base 9.
2042
11431 (base 5) to base 6
4002
What is 11103 (base 6) in base 8?
3017
Convert 4339 (base 12) to base 14.
299b
What is -d25 (base 15) in base 10?
-2960
Convert 2201010 (base 3) to base 11.
1535
8078 (base 9) to base 7
23132
-9346 (base 10) to base 13
-433c
What is -314 (base 15) in base 14?
-378
Convert -2188 (base 11) to base 2.
-101100111111
367 (base 12) to base 3
200221
Convert 430004 (base 5) to base 9.
21646
Convert 1b5c (base 14) to base 2.
1001101110110
What is -12211 (base 4) in base 10?
-421
Convert -1565 (base 7) to base 13.
-39b
-61863 (base 9) to base 15
-c150
-1254 (base 8) to base 3
-221100
Convert 4574 (base 12) to base 8.
17050
Convert 12 (base 6) to base 4.
20
Convert 860 (base 9) to base 6.
3130
Convert 163a2 (base 12) to base 3.
1121102112
Convert 10368 (base 11) to base 8.
35346
1152 (base 7) to base 16
1ad
Convert -100010100001 (base 2) to base 8.
-4241
Convert -292 (base 10) to base 6.
-1204
Convert -14033 (base 5) to base 3.
-1120100
3231 (base 6) to base 4
23203
What is 1100000001 (base 2) in base 8?
1401
Convert -2177 (base 8) to base 5.
-14101
Convert 28189 (base 10) to base 12.
14391
1433 (base 5) to base 6
1043
What is -12420 (base 6) in base 5?
-30014
What is -2447 (base 9) in base 3?
-2111121
122122010 (base 3) to base 14
4983
5207 (base 11) to base 13
31b1
33241 (base 5) to base 13
1097
-52223 (base 8) to base 9
-32626
Convert -1044 (base 15) to base 4.
-311233
Convert -261 (base 11) to base 14.
-181
Convert 211 (base 9) to base 2.
10101100
-dc5 (base 15) to base 8
-6046
Convert -47b (base 13) to base 10.
-778
What is -3063 (base 16) in base 11?
-9341
Convert -8bb (base 15) to base 6.
-13052
Convert 37667 (base 8) to base 7.
65361
Convert -5437 (base 9) to base 4.
-332203
Convert -496 (base 12) to base 13.
-411
Convert -1400 (base 6) to base 3.
-111100
What is -212111 (base 4) in base 8?
-4625
Convert 1110 (base 6) to base 12.
196
What is 834 (base 11) in base 2?
1111101101
313 (base 10) to base 15
15d
What is -c17 (base 14) in base 4?
-211011
-2350 (base 6) to base 14
-2ca
Convert 12f (base 16) to base 5.
2203
11100100101011 (base 2) to 